 153. Determine p(-44).
21
Let u(s) = 4929*s - 9889. Determine u(2).
-31
Let x(g) = -10*g**2 + 656*g - 3161. What is x(5)?
-131
Let f(s) = -24*s**2 + 894*s + 3597. Determine f(-4).
-363
Let c(d) = d**3 + 46*d**2 + 362*d - 85. What is c(-36)?
-157
Let b(p) = 10*p**3 - 7501*p**2 + 715*p + 26253. Give b(750).
3
Let u(h) = 4*h**2 + 1788*h + 132708. Calculate u(-353).
-20
Let o(b) = -b**3 + 2252*b**2 + 13524*b - 53. Calculate o(-6).
91
Let z(s) = -s**2 - 6*s + 2052. Calculate z(-49).
-55
Let p(v) = 36*v**2 + 2407*v - 18613. What is p(7)?
0
Let p(y) = -60*y - 708. What is p(-29)?
1032
Let q(j) = j**3 + 203*j**2 - 1026*j - 40978. Calculate q(-207).
8
Let x(w) = 79756*w - 7257804. Give x(91).
-8
Let a(n) = -2368*n + 72012. Give a(30).
972
Let h(p) = -102*p**2 + 799*p + 2308. Calculate h(10).
98
Let b(t) = t**2 - 1643*t - 55301. What is b(-33)?
7
Let m(v) = -2*v**2 + 2130*v + 95429. Calculate m(-43).
141
Let x(c) = 11*c**2 + 1547*c + 5479. Calculate x(-137).
-1
Let j(s) = -s**2 + 62*s + 11. Determine j(37).
936
Let n(r) = 2*r**3 - 264*r**2 - 3*r + 407. What is n(132)?
11
Let u(q) = -30*q**2 + 617*q - 2617. Give u(6).
5
Let u(r) = 938*r + 9645. Determine u(-11).
-673
Let v(g) = -458*g - 105855. Determine v(-231).
-57
Let g(y) = -247*y**3 + 2228*y**2 - 31*y - 16. Calculate g(9).
110
Let a(b) = 1555*b - 471164. Give a(303).
1
Let o(c) = -55*c**2 - 1433*c - 367. Give o(-26).
-289
Let p(k) = -3*k**3 + 6*k**2 + 24*k + 39. Determine p(-4).
231
Let l(u) = u**2 - 1035*u - 184526. Calculate l(-155).
-76
Let b(n) = n**3 + 79*n**2 - 73*n + 612. What is b(-80)?
52
Let y(s) = s**2 - 38*s - 191451. Determine y(-419).
32
Let g(j) = j**2 - 17*j + 1854. Determine g(59).
4332
Let l(v) = 328*v**3 + 1640*v**2 + 16*v + 24. What is l(-5)?
-56
Let p(q) = -4856*q**2 - 24376*q - 478. Calculate p(-5).
2
Let f(o) = -226*o - 2508. Give f(-12).
204
Let k(b) = 71564*b + 214748. Give k(-3).
56
Let j(c) = -2*c**2 + 154*c + 559874. What is j(-492)?
-22
Let b(a) = a**3 + 8*a**2 - 35*a + 6. What is b(3)?
0
Let b(f) = 2*f**3 + 38*f**2 + 161*f + 16. Determine b(-12).
100
Let n(f) = 15439*f - 1651968. Calculate n(107).
5
Let q(i) = 325*i**2 - 1032*i + 12. Determine q(3).
-159
Let k(y) = -23*y**2 - 130*y - 711. Give k(-11).
-2064
Let j(n) = n**3 - 122*n**2 - 782*n + 1653. What is j(128)?
-139
Let j(g) = -75656*g + 1815769. Calculate j(24).
25
Let n(o) = 106737*o - 4269492. What is n(40)?
-12
Let b(r) = -767*r + 7670. Calculate b(10).
0
Let p(m) = 5499*m - 197947. Determine p(36).
17
Let k(r) = r**3 + 19*r**2 - 45*r - 25. Give k(-20).
475
Let h(u) = -12*u**2 + 1234*u - 44. What is h(103)?
-250
Let g(c) = -16619*c - 166223. Give g(-10).
-33
Let s(l) = -5*l**2 + 1020*l - 529. Give s(205).
-1554
Let q(l) = 2*l**3 - 26*l**2 - 72*l - 372. Give q(16).
12
Let c(o) = 2454*o - 85891. What is c(35)?
-1
Let o(h) = 2*h**2 - 389*h - 3450. Give o(203).
1
Let f(l) = -l**3 + 10*l**2 + 7968*l - 15972. Determine f(2).
-4
Let j(o) = o**3 + 367*o**2 + 406*o + 14640. Determine j(-366).
0
Let v(x) = 15*x**2 - 591*x - 3085. Determine v(-5).
245
Let d(c) = 2*c**2 - 85*c + 1113. What is d(13)?
346
Let g(m) = -10*m**2 + 178*m + 120. Calculate g(16).
408
Let p(a) = 10*a**2 + 1014*a + 12565. What is p(-87)?
37
Let n(l) = 2*l**3 + 116*l**2 - 43*l - 2581. Give n(-58).
-87
Let n(p) = -p**3 - 105*p**2 + 623*p - 4846. Calculate n(-111).
-73
Let l(n) = 5593*n - 402727. Determine l(72).
-31
Let i(u) = -23410*u - 163503. Calculate i(-7).
367
Let h(o) = -67405*o + 269578. Give h(4).
-42
Let x(z) = -3*z**3 + 380*z**2 - 26*z - 28463. Calculate x(126).
13
Let y(p) = 8*p**3 - 46*p**2 + 13870*p - 83301. Determine y(6).
-9
Let w(f) = 14103*f - 1480814. What is w(105)?
1
Let o(b) = -b**3 + 49*b**2 - 1123*b + 14284. Give o(27).
1
Let k(l) = l**3 + 25*l**2 - 7*l - 2217. What is k(-20)?
-77
Let l(x) = 9*x**2 - 1321*x + 1055. Calculate l(146).
33
Let m(v) = -v**3 - 600*v**2 - 6278*v + 118397. Determine m(-589).
8
Let i(u) = 40*u**3 - 6*u**2 - 153*u + 158. What is i(1)?
39
Let a(v) = -v**3 - 2*v**2 + 4898*v - 60. Determine a(-71).
11
Let l(o) = 32168*o - 2830573. Determine l(88).
211
Let z(c) = -602*c**3 + 4*c**2 + 11*c + 6. What is z(-1)?
601
Let d(w) = w**3 + 353*w**2 - 2078*w + 27336. What is d(-359)?
52
Let g(o) = -o**2 + 32073*o - 2399895. Give g(75).
-45
Let g(v) = -42756*v - 1667477. Calculate g(-39).
7
Let f(m) = m**3 - 44*m**2 + 208*m + 459. What is f(38)?
-301
Let v(p) = 888*p - 5353. Give v(5).
-913
Let f(z) = -7567*z + 11432. What is f(2)?
-3702
Let j(f) = -226*f + 24212. Calculate j(106).
256
Let q(a) = -3529*a - 21891. What is q(-6)?
-717
Let u(f) = -116940*f + 350499. Determine u(3).
-321
Let u(y) = 4*y**3 - 70*y**2 - 553*y + 9307. Calculate u(18).
1
Let u(f) = 267*f**2 - 2307*f + 2. Calculate u(9).
866
Let d(a) = -2*a**3 + 412*a**2 + 410*a + 758. Give d(207).
-70
Let h(i) = -2*i**2 - 658*i + 11770. Determine h(17).
6
Let j(g) = -13*g**3 + 253*g**2 - 99*g - 248. What is j(19)?
37
Let k(b) = 73977*b + 295875. Give k(-4).
-33
Let h(t) = -t**2 + 48*t + 6845. Give h(108).
365
Let g(t) = -74892*t - 75079. Calculate g(-1).
-187
Let n(l) = -14*l**2 + 3350*l - 7585. What is n(237)?
-1
Let f(n) = -5229*n + 26081. What is f(5)?
-64
Let l(n) = -543*n**2 + 17386*n - 256. Give l(32).
64
Let r(c) = -93*c**3 + 834*c**2 + 42*c - 138. What is r(9)?
-3
Let f(z) = -z**3 - 32*z**2 - 205*z + 57. Determine f(-9).
39
Let z(r) = 94927*r + 474800. Give z(-5).
165
Let d(x) = 2*x**2 + 4658870*x - 9317748. What is d(2)?
0
Let z(q) = -6*q**2 - 864*q + 32490. What is z(31)?
-60
Let c(g) = 3*g**3 - 27*g**2 - 15*g + 18. Determine c(9).
-117
Let x(r) = 64*r + 935. Calculate x(-14).
39
Let w(x) = -502*x + 1398. Determine w(3).
-108
Let o(p) = 1102*p - 101359. Calculate o(92).
25
Let c(y) = -22*y**2 + 509*y - 89. Determine c(23).
-20
Let v(g) = 2*g**2 - 637*g - 13818. Give v(-22).
1164
Let z(o) = -4*o**2 + 695*o + 4508. Determine z(180).
8
Let u(r) = -6613*r + 78994. Determine u(12).
-362
Let a(p) = 1646*p + 14903. Determine a(-9).
89
Let m(c) = 514*c + 65183. What is m(-127)?
-95
Let j(n) = 2569*n + 146431. Give j(-57).
-2
Let p(g) = g**2 - 1295058*g + 14245567. Calculate p(11).
50
Let z(u) = u**2 - 798*u + 27430. What is z(36)?
-2
Let f(h) = h**3 - 15*h**2 - 15*h - 79. Give f(13).
-612
Let o(p) = 3259*p - 10988. Determine o(3).
-1211
Let y(g) = -3*g**2 - 365*g - 1976. Determine y(-117).
-338
Let i(m) = 84*m**2 - 23*m + 23. Give i(1).
84
Let k(t) = 471*t + 2343. Calculate k(-5).
-12
Let d(n) = -1632*n + 150166. Give d(92).
22
Let v(g) = -5*g**3 - 18*g**2 - 147*g + 16. What is v(0)?
16
Let o(c) = -3*c**2 - 929*c - 4095. Give o(-305).
175
Let c(p) = -6*p**3 + 30*p**2 + 214*p - 3. Calculate c(-5).
427
Let j(u) = 2*u**3 + 33*u**2 + 46*u - 20. Calculate j(-16).
-500
Let q(n) = -757*n + 4583. Calculate q(5).
798
Let g(b) = 1314*b - 6598. Calculate g(5).
-28
Let i(n) = -n**3 + 114*n**2 - 3025*n + 20821. What is i(11)?
9
Let o(j) = 2*j**2 + 1244*j + 183700. Calculate o(-241).
58
Let i(y) = y**2 + 1291*y - 11654. Calculate i(9).
46
Let r(w) = 283*w - 17427. Calculate r(62).
119
Let t(m) = -m**3 + 63*m**2 - 216*m + 2617. Give t(60).
457
Let l(m) = -16*m**3 - 82*m**2 + 104*m + 584. What is l(-5)?
14
Let l(i) = 13369*i + 401078. Give l(-30).
8
Let f(z) = 13435*z + 202099. Determine f(-15).
574
Let k(d) = -197102*d - 1971037. Give k(-10).
-17
Let o(u) = u**3 - 94*u**2 - 6425*u - 16. What is o(-46)?
-706
Let a(r) = 25693*r + 1027725. Determine a(-40).
5
Let p(z) = 54*z**3 + 51*z**2 + 49*z + 1. Determine p(-1).
-51
Let j(t) = t**3 - 213*t**2 + 626*t + 812. Calculate j(210).
-28
Let o(n) = n**3 + 35*n**2 + 32*n - 354. Give o(-34).
-286
Let j(k) = k**3 - 671*k**2 + 1962*k + 28062. Give j(668).
6
Let s(h) = -8*h**2 - 179*h - 2137. What is s(-11)?
-1136
Let s(k) = 2*k**2 + 240*k + 6677. Determine s(-76).
-11
Let i(b) = -108846*b + 1741532. Calculate i(16).
-4
Let f(h) = -5*h**2 - 95*h + 288. Calculate f(3).
-42
Let v(y) = 47*y**2 + 1223*y - 12601. Determine v(-34).
149
Let b(x) = 755408*x - 9820322. What is b(13)?
-18
Let v(j) = -2*j**2 - 8839*j - 1272603. Calculate v(-149).
6
Let r(v) = -3629*v - 68952. Give r(-19).
-1
Let h(w) = -50443*w - 201746. Determine h(-4).
26
Let v(o) = 5644*o + 33854. Determine v(-6).
-10
Let i(m) = 2*m**3 + 4*m**2 - 96*m - 68. Give i(-9).
-338
